ive of p**6/120 + p**5/10 - p**4/3 - p**2. Calculate k(d).
7
Let u(v) be the third derivative of v**4/12 + 3*v**2. Suppose i - n + 10 = -i, -i + 17 = 5*n. Calculate u(i).
-6
Let w(r) be the first derivative of 1/2*r**2 + 2*r - 4. Calculate w(-4).
-2
Let g(c) = c**2 + 2*c + 5 - 2*c**2 - 2. Give g(3).
0
Let f(c) = -2*c**2 - 3*c - 5. Let k(m) = -m**2 - 2*m - 2. Let j(g) = 3*f(g) - 7*k(g). Determine j(-6).
5
Let l(n) = 1. Let p(h) = 2*h - 12. Let x(w) = -3*l(w) - p(w). Determine x(6).
-3
Let a(k) be the first derivative of -k**4/4 + 2*k**3 - 3*k**2/2 - 7*k + 9. Let y(i) = -i + 11. Let x be y(6). Calculate a(x).
3
Suppose 7*r + 18 = 4*r. Let l be (-4)/(-6) + 16/r. Let x(m) = 10 - m**2 - 4 - 9 - 5*m. Give x(l).
3
Suppose 6 = -3*c + r, 8 = 2*c + 2*r + 4. Let i(b) be the second derivative of -b - 1/4*b**4 + 0 + 1/2*b**2 + 1/6*b**3. What is i(c)?
-3
Let a(v) = v + 7. Suppose -4*g - g + 12 = 3*l, 2*g = 4*l - 16. What is a(g)?
7
Suppose -2*x - 18 = -f - 0*f, -36 = 4*x - f. Let g(b) = -b - 7. Calculate g(x).
2
Suppose -2*d = 4, 5*t + 5*d + 3 = d. Let l(h) = -h**3 + h**2 - h. Determine l(t).
-1
Suppose -22 = 5*f - 2*u, -3*u - 7 = 3*f + 2*u. Let x(s) = -s**3 - 3*s**2 + 5*s + 2. Determine x(f).
-2
Let b(a) = -a - 6*a + 0*a. Suppose -2*s - 14 = -5*y - 0*y, -5*y = 4*s - 2. Determine b(y).
-14
Let g(k) = 20 - 10 + 2*k - 3 - 9. Determine g(4).
6
Let w(p) = 6*p - 1. Let c be -1*-10*(-1)/2. Let s(j) = 3*j - 1. Let b = -4 - -7. Let a(f) = b*w(f) + c*s(f). Give a(3).
11
Let b = -5 + 3. Let h(l) be the third derivative of -l**5/40 - l**4/12 + 7*l**3/6 - 3*l**2. Let m(s) be the first derivative of h(s). Give m(b).
4
Let i(t) = 28*t - 10. Let h(c) = 9*c - 3. Let s(r) = 16*h(r) - 5*i(r). Determine s(-2).
-6
Let v(z) be the second derivative of z**3/6 + z**2/2 - z. Determine v(-5).
-4
Let b(c) = 4*c + 5. Let h(z) = 11*z + 15. Let s(k) = 8*b(k) - 3*h(k). Let r(g) = -1. Let x(d) = 3*r(d) - s(d). Determine x(3).
5
Let m = -20 - -19. Let b(z) = -1. Let f(g) = -18*g + 1. Let p(h) = -2*b(h) - f(h). Give p(m).
-17
Let z = -42 - -35. Let s(u) = -u**2 - 8*u - 10. What is s(z)?
-3
Let s(l) = 3*l - 7 - 2*l + 1. Suppose -56 = -3*q - q. Suppose -5*j + q + 11 = 0. Give s(j).
-1
Let p(u) be the third derivative of 6*u**2 + 0 + 2/3*u**3 + 0*u + 1/12*u**4. What is p(-5)?
-6
Let d = 6 + 0. Suppose 2*n - d*n = 0. Let z be 5/(-15)*(-3 - n). Let t(v) = -2*v**3 + v**2 - v + 1. What is t(z)?
-1
Suppose -5*j - 1 = 3*t, -j + 4*t + 6 + 3 = 0. Let v(m) = 13*m**2. Calculate v(j).
13
Let a(j) = 3*j**2 - 2*j - 3. Let f(l) = 4*l**2 - 3*l - 2. Let v = 0 + 3. Let z(s) = v*a(s) - 2*f(s). Determine z(0).
-5
Suppose 5*q - 16 = -y + 27, -38 = -4*q - 2*y. Let w be 5/20 - (-14)/q. Let g(l) = 1 + 0*l - 4*l - w + 2. What is g(1)?
-3
Let w(c) = -12*c**2 + 0*c**2 + 45*c - 45*c. What is w(-1)?
-12
Let f = 14 - 4. Let b = f + -7. Let h(t) be the second derivative of -t**3/6 + 2*t**2 - 4*t. What is h(b)?
1
Let n(x) = 4*x**2 + 2*x - 4. Let p(t) = t**2 - t - 1. Let o(s) = -n(s) + 3*p(s). Determine o(-3).
7
Suppose 0*c = -c + 4. Let d = c + 1. Let t(u) = 3*u**3 - 2*u**3 + 14*u - 12*u - 3 - 5*u**2. Determine t(d).
7
Let h = -10 + 10. Let r(s) = 0*s - 1 + h - 2 + s**3 - 2*s + 3*s**2. Give r(-3).
3
Let o be (-60)/(-14) - (-32)/(-112). Let s(m) = m - 2 - 3*m + o + 3*m. Determine s(-4).
-2
Let s = 14 - 11. Suppose 4 = s*f + 1. Let g(u) = 2*u**3 - 2*u**2 + u. Give g(f).
1
Let r = 137 - 134. Let i(q) be the third derivative of 0*q - 3*q**2 - 1/24*q**4 - 1/60*q**5 - 1/6*q**r + 0. What is i(0)?
-1
Let x(s) = -4*s**2 + 20*s + 20. Let i(m) = m**2 - 5*m - 5. Let r(g) = -9*i(g) - 2*x(g). Give r(5).
5
Let c(d) = d**2 + 12*d - 14. Let r be c(-13). Let w(z) = 8*z**3 - 2*z - 1. What is w(r)?
-7
Suppose -14*b - 21 = 7*b. Let p(v) be the first derivative of v**4/4 + v**3 + v**2/2 + 1. What is p(b)?
1
Let r(i) be the third derivative of -6*i**2 + 0 - 1/6*i**3 + 0*i + 1/12*i**4 - 1/10*i**6 + 0*i**5. Determine r(1).
-11
Suppose 0 = -i - 0 + 3. Let b(w) = 2*w**2 - 3*w - 4. Let s be b(i). Let n(f) = f**2 - 5*f - 3. What is n(s)?
-3
Let r(u) be the first derivative of -u**4/4 - 4*u**3/3 + 5*u + 3. Let g be (6/(-10))/(2/(-10)). Suppose -8 = g*z - z. What is r(z)?
5
Let d(p) be the second derivative of 0 + 1/20*p**5 - 1/4*p**4 + 0*p**3 - 1/360*p**6 + 0*p**2 - 2*p. Let r(u) be the third derivative of d(u). Calculate r(5).
-4
Let c(l) be the third derivative of l**5/60 - l**4/24 - l**2. Suppose 5*o = -4*n - 10, 2*o + 0*o = 3*n + 19. Determine c(o).
2
Let x(w) = -12*w**3 - 13*w**2 + 5*w - 8. Let b(c) = -7*c**3 - 7*c**2 + 3*c - 4. Let h(d) = 5*b(d) - 3*x(d). Let m(g) = -g - 7. Let v be m(-3). Give h(v).
4
Suppose -5 = 5*j + 3*s - 3, -5*s - 24 = -2*j. Suppose -j*g + 5 = -11. Let m be g/(-2) - 0/(-4). Let b(r) = -r**2 - 5*r - 1. What is b(m)?
3
Let c(b) = 2*b - 1. Suppose 3*p - 5*p + 4 = 0. Let l = p - 3. Calculate c(l).
-3
Let p(n) = 5*n**3 + 2*n**2 + 2*n + 1. Let w be p(-1). Let u(f) = -f**3 - 3*f**2 + 6*f + 6. Calculate u(w).
-2
Let x(p) = 2*p**3 - 4*p**2 + 2*p + 2. Let h(s) = -2*s - 4. Let u = -9 + 6. Let z be h(u). Determine x(z).
6
Let s(v) = 3 - v + 2*v + 1 + 8*v**3 - 9*v**3. What is s(0)?
4
Let h(y) = y**2 - 6*y - 10. Let v be (7 - 12/(-18)) + 4/(-6). What is h(v)?
-3
Suppose -32 = -5*x - 12. Suppose 2*d - x = -18. Let l(u) = u**3 + 7*u**2 - 6. Determine l(d).
-6
Let m = -28 + 26. Let h(w) = -3*w - 8. Let l be (-3 - 1)/((-4)/(-6)). Let p(z) = 1. Let s(x) = l*p(x) - h(x). Calculate s(m).
-4
Suppose 0 = 2*w + 4*f + 6 + 10, 5*w + 3*f = -26. Let l(o) = o**3 + 5*o**2 + 3*o + 1. Give l(w).
5
Suppose -f + 2*y - 2 = 0, 4*f + 4*y - 3 - 13 = 0. Let j(c) be the third derivative of -c**5/60 + c**4/12 + c**3/6 + c**2. What is j(f)?
1
Suppose -3*y - 2 = -4*y - g, 4*y - 5 = -3*g. Let x be ((-2 - y) + -2)*1. Let h be (-1)/x - 10/(-6). Let l(c) = -c**3 + c**2 - c + 1. Give l(h).
-5
Suppose -3*f - 3*b = 2*f - 36, -f - 3*b = -12. Suppose 5 - 29 = -3*w. Let v(k) = w + 3*k - 4*k - 4 + 4. Give v(f).
2
Let b(s) be the third derivative of -7*s**6/120 - s**5/60 + s**4/12 - s**3/6 - 6*s**2. Calculate b(1).
-7
Let f(o) = o**2 - 70 + o - o**3 + 70. Let n(s) = s**3 - s**2 + 2*s - 3. Let b(v) = 2*f(v) + n(v). Give b(2).
1
Let f(t) be the third derivative of -1/12*t**4 + 0*t + 1/15*t**5 + 1/120*t**6 - t**2 - t**3 + 0. Let m be f(-4). Let w(q) = -3*q + 1. What is w(m)?
-5
Let y(u) = -3*u + 6. Let i = -8 - -8. Suppose i*l - 5*l - 32 = -3*o, 0 = -5*l - 20. Calculate y(o).
-6
Let m(i) = 2 - 1 + 5*i**2 - 7*i - 6*i**2 - 7. Determine m(-4).
6
Suppose -1 - 2 = -v. Let g(t) be the second derivative of t**6/360 - t**5/60 - t**4/12 + t**3/6 - t. Let l(r) be the second derivative of g(r). Determine l(v).
1
Let v be 6/(-4)*(-2)/3. Suppose -2*q - v = -3*q. Let z(h) = 11*h**3 + h**2 - 1. Determine z(q).
11
Let b(z) = -2*z**2 + 3*z + 4. Let o = 0 + 4. Let l = 7 - o. Calculate b(l).
-5
Let m(j) = j**3 + 1. Let w be -2*(3 + -4) + -5. Let z = 5 + w. Calculate m(z).
9
Let i(v) = v**2 - 8*v - 3. Let a(f) = 3 + 3*f - 2*f + 6*f - f**2. Let o(q) = 5*a(q) + 4*i(q). Determine o(3).
3
Let z(d) = -3*d - 1. Let m be z(-1). Let v(r) = m - r + 6*r - 4*r. Let t = 3 + 2. Give v(t).
7
Let w be 9/6*(-4)/3. Let p(u) = 12 - 4*u**2 - 14 + 4*u**3 - 5*u**3 - 4*u. What is p(w)?
-2
Let z be 2/4 - (-5)/2. Let r(b) = -b**2 + b - 1. What is r(z)?
-7
Let f(k) = 0*k**2 - 2*k**2 - 4*k**2. Suppose 5*h + 4 = -3*w - 4, 4*h - 1 = 5*w. Determine f(h).
-6
Let o = -47 + 41. Let u(n) = 2*n + 5. Give u(o).
-7
Let y(j) be the second derivative of j**4/12 + j**3 + 3*j**2/2 + 20*j. Give y(-7).
10
Let p(u) = -u**2 + 4*u + 2. Let j be p(4). Suppose -2*v + 2*l = -l - 1, 22 = -4*v - j*l. Let m(i) = 3*i + 4. Determine m(v).
-8
Let z(w) = -7*w + 2. Suppose -2*a - o - 13 = 3*a, 3*o + 17 = -4*a. Calculate z(a).
16
Let l(p) = p**3 - 7*p**2 + 6*p + 2. Let r be l(6). Let k(q) = -q**r + 23*q - 3 - 17*q - q**2. What is k(4)?
-11
Let q be (-56)/(-35) + (-4)/(-10). Let o = -8 + 13. Suppose 3*c + o*a - 26 = -0*a, -5*c + 2 = -q*a. Let j(x) = -x**3 + 3*x**2 - 2. Calculate j(c).
2
Let u(z) = 9*z + 2. Let x(p) = 4*p + 1. Let o(h) = -6*u(h) + 13*x(h). Determine o(2).
-3
Let f(b) = 2*b - 1 - b + 2. What is f(-1)?
0
Let h(u) = -u - 3. Suppose 5*d - 4 = -4*a - 24, -d - 15 = 3*a. What is h(d)?
-3
Suppose 0 = -5*x - 4*w + 31, x + w = -4*w + 2. Suppose 1